{"id":1139,"date":"2025-07-16T16:21:50","date_gmt":"2025-07-16T14:21:50","guid":{"rendered":"http:\/\/jaeger2go.local\/?page_id=1139"},"modified":"2025-07-16T16:21:51","modified_gmt":"2025-07-16T14:21:51","slug":"deckblatt","status":"publish","type":"page","link":"https:\/\/jaeger.schule\/?page_id=1139","title":{"rendered":"Deckblatt"},"content":{"rendered":"\n<p>Um ein Deckblatt einzuf\u00fcgen, w\u00e4hle im Men\u00fc <strong>EINF\u00dcGEN > Deckblatt<\/strong>.<\/p>\n\n\n\n<figure class=\"wp-block-image size-full\"><img loading=\"lazy\" decoding=\"async\" width=\"458\" height=\"447\" src=\"https:\/\/jaeger.schule\/wp-content\/uploads\/2025\/07\/deckblatt.png\" alt=\"\" class=\"wp-image-1140\" srcset=\"https:\/\/jaeger.schule\/wp-content\/uploads\/2025\/07\/deckblatt.png 458w, https:\/\/jaeger.schule\/wp-content\/uploads\/2025\/07\/deckblatt-300x293.png 300w\" sizes=\"auto, (max-width: 458px) 100vw, 458px\" \/><\/figure>\n\n\n\n<p>Das Deckblatt Bewegung eignet sich sehr gut f\u00fcr die Dokumentation, du kannst aber auch ein anderes w\u00e4hlen.<\/p>\n\n\n\n<p>Die Informationen auf dem Deckblatt entnimmst du der Vorlage.<\/p>\n","protected":false},"excerpt":{"rendered":"<p>Um ein Deckblatt einzuf\u00fcgen, w\u00e4hle im Men\u00fc EINF\u00dcGEN > Deckblatt. Das Deckblatt Bewegung eignet sich sehr gut f\u00fcr die Dokumentation, du kannst aber auch ein anderes w\u00e4hlen. Die Informationen auf &#8230;<\/p>\n","protected":false},"author":2,"featured_media":0,"parent":1132,"menu_order":0,"comment_status":"closed","ping_status":"closed","template":"","meta":{"footnotes":""},"class_list":["post-1139","page","type-page","status-publish","hentry"],"featured_image_src":null,"_links":{"self":[{"href":"https:\/\/jaeger.schule\/index.php?rest_route=\/wp\/v2\/pages\/1139","targetHints":{"allow":["GET"]}}],"collection":[{"href":"https:\/\/jaeger.schule\/index.php?rest_route=\/wp\/v2\/pages"}],"about":[{"href":"https:\/\/jaeger.schule\/index.php?rest_route=\/wp\/v2\/types\/page"}],"author":[{"embeddable":true,"href":"https:\/\/jaeger.schule\/index.php?rest_route=\/wp\/v2\/users\/2"}],"replies":[{"embeddable":true,"href":"https:\/\/jaeger.schule\/index.php?rest_route=%2Fwp%2Fv2%2Fcomments&post=1139"}],"version-history":[{"count":1,"href":"https:\/\/jaeger.schule\/index.php?rest_route=\/wp\/v2\/pages\/1139\/revisions"}],"predecessor-version":[{"id":1141,"href":"https:\/\/jaeger.schule\/index.php?rest_route=\/wp\/v2\/pages\/1139\/revisions\/1141"}],"up":[{"embeddable":true,"href":"https:\/\/jaeger.schule\/index.php?rest_route=\/wp\/v2\/pages\/1132"}],"wp:attachment":[{"href":"https:\/\/jaeger.schule\/index.php?rest_route=%2Fwp%2Fv2%2Fmedia&parent=1139"}],"curies":[{"name":"wp","href":"https:\/\/api.w.org\/{rel}","templated":true}]}}