{"id":1081,"date":"2025-07-16T07:40:46","date_gmt":"2025-07-16T05:40:46","guid":{"rendered":"http:\/\/jaeger2go.local\/?page_id=1081"},"modified":"2025-07-19T14:17:39","modified_gmt":"2025-07-19T12:17:39","slug":"klasse-10","status":"publish","type":"page","link":"https:\/\/jaeger.schule\/?page_id=1081","title":{"rendered":"Klasse 10"},"content":{"rendered":"\n<h3 class=\"wp-block-heading\">\ud83c\udf0d\ud83d\udd17 <strong>Von der Welt im Umbruch zur Zusammenarbeit<\/strong><\/h3>\n\n\n\n<p>In Klasse 10 reist ihr durch die zweite H\u00e4lfte des 20. Jahrhunderts \u2013 mit gro\u00dfen Ver\u00e4nderungen auf der ganzen Welt und neuen Wegen, wie L\u00e4nder zusammenarbeiten k\u00f6nnen.<\/p>\n\n\n\n<div style=\"height:30px\" aria-hidden=\"true\" class=\"wp-block-spacer\"><\/div>\n\n\n\n<p><strong>\ud83c\udf10 Dekolonisierung \u2013 Wenn L\u00e4nder unabh\u00e4ngig werden<\/strong><br>Viele L\u00e4nder in Afrika, Asien und anderen Teilen der Welt wurden fr\u00fcher von europ\u00e4ischen Staaten beherrscht \u2013 das nennt man Kolonialismus. Nach dem Zweiten Weltkrieg fordern viele dieser L\u00e4nder ihre Freiheit. Ihr lernt, warum das oft nicht einfach war, welche Konflikte dabei entstanden sind und warum das Thema bis heute wichtig ist.<\/p>\n\n\n\n<div style=\"height:30px\" aria-hidden=\"true\" class=\"wp-block-spacer\"><\/div>\n\n\n\n<p><strong>\ud83c\uddea\ud83c\uddfa Die Europ\u00e4ische Union \u2013 Gemeinsam stark?<\/strong><br>Statt sich weiter zu bekriegen, fangen europ\u00e4ische L\u00e4nder an, miteinander zu kooperieren. Ihr verfolgt, wie aus einem einfachen Wirtschaftsb\u00fcndnis nach und nach die EU entstanden ist \u2013 und wie diese Zusammenarbeit unseren Alltag beeinflusst: von Reisen ohne Grenzen bis zur gemeinsamen W\u00e4hrung.<\/p>\n\n\n\n<p><\/p>\n","protected":false},"excerpt":{"rendered":"<p>\ud83c\udf0d\ud83d\udd17 Von der Welt im Umbruch zur Zusammenarbeit In Klasse 10 reist ihr durch die zweite H\u00e4lfte des 20. Jahrhunderts \u2013 mit gro\u00dfen Ver\u00e4nderungen auf der ganzen Welt und neuen &#8230;<\/p>\n","protected":false},"author":2,"featured_media":0,"parent":1070,"menu_order":0,"comment_status":"closed","ping_status":"closed","template":"","meta":{"footnotes":""},"class_list":["post-1081","page","type-page","status-publish","hentry"],"featured_image_src":null,"_links":{"self":[{"href":"https:\/\/jaeger.schule\/index.php?rest_route=\/wp\/v2\/pages\/1081","targetHints":{"allow":["GET"]}}],"collection":[{"href":"https:\/\/jaeger.schule\/index.php?rest_route=\/wp\/v2\/pages"}],"about":[{"href":"https:\/\/jaeger.schule\/index.php?rest_route=\/wp\/v2\/types\/page"}],"author":[{"embeddable":true,"href":"https:\/\/jaeger.schule\/index.php?rest_route=\/wp\/v2\/users\/2"}],"replies":[{"embeddable":true,"href":"https:\/\/jaeger.schule\/index.php?rest_route=%2Fwp%2Fv2%2Fcomments&post=1081"}],"version-history":[{"count":2,"href":"https:\/\/jaeger.schule\/index.php?rest_route=\/wp\/v2\/pages\/1081\/revisions"}],"predecessor-version":[{"id":1283,"href":"https:\/\/jaeger.schule\/index.php?rest_route=\/wp\/v2\/pages\/1081\/revisions\/1283"}],"up":[{"embeddable":true,"href":"https:\/\/jaeger.schule\/index.php?rest_route=\/wp\/v2\/pages\/1070"}],"wp:attachment":[{"href":"https:\/\/jaeger.schule\/index.php?rest_route=%2Fwp%2Fv2%2Fmedia&parent=1081"}],"curies":[{"name":"wp","href":"https:\/\/api.w.org\/{rel}","templated":true}]}}