{"id":1073,"date":"2025-07-16T07:39:31","date_gmt":"2025-07-16T05:39:31","guid":{"rendered":"http:\/\/jaeger2go.local\/?page_id=1073"},"modified":"2025-07-19T14:14:18","modified_gmt":"2025-07-19T12:14:18","slug":"klasse-6","status":"publish","type":"page","link":"https:\/\/jaeger.schule\/?page_id=1073","title":{"rendered":"Klasse 6"},"content":{"rendered":"\n<h3 class=\"wp-block-heading\">\ud83c\udffa\ud83d\udd0d <strong>Deine Reise in die Vergangenheit<\/strong><\/h3>\n\n\n\n<p>In Geschichte wirst du zum Zeitreisenden! Du erf\u00e4hrst, wie die Menschen fr\u00fcher gelebt haben, was sie geglaubt haben und warum wir heute \u00fcberhaupt wissen, was damals passiert ist.<\/p>\n\n\n\n<div style=\"height:25px\" aria-hidden=\"true\" class=\"wp-block-spacer\"><\/div>\n\n\n\n<p><strong>Zeitreise starten \u2013 aber wie?<\/strong><br>Bevor es losgeht, lernst du, wie man sich in der Zeit zurechtfindet. Was bedeutet \u201evor Christus\u201c? Wie liest man einen Zeitstrahl? Und wie weit zur\u00fcck k\u00f6nnen wir eigentlich blicken?<\/p>\n\n\n\n<div style=\"height:25px\" aria-hidden=\"true\" class=\"wp-block-spacer\"><\/div>\n\n\n\n<p><strong>Was ist \u00fcberhaupt Geschichte?<\/strong><br>Du entdeckst, warum Geschichte mehr ist als nur alte Daten und langweilige B\u00fccher. Du wirst zum Forscher und lernst, wie Arch\u00e4ologen mit Schaufel und Pinsel Dinge ausgraben und was uns alte Bilder und Texte verraten.<\/p>\n\n\n\n<div style=\"height:25px\" aria-hidden=\"true\" class=\"wp-block-spacer\"><\/div>\n\n\n\n<p><strong>Abenteuer im alten \u00c4gypten<\/strong><br>Stell dir vor: riesige Pyramiden, geheimnisvolle Mumien und m\u00e4chtige Pharaonen! Du lernst, wie die Menschen am Nil gelebt haben, wie sie mit Hieroglyphen schrieben \u2013 und warum \u00c4gypten so besonders war.<\/p>\n\n\n\n<div style=\"height:25px\" aria-hidden=\"true\" class=\"wp-block-spacer\"><\/div>\n\n\n\n<p><strong>Heldengeschichten aus Griechenland und Rom<\/strong><br>Du reist nach Athen und Sparta und triffst auf Philosophen, Sportler und erste Politiker. In Rom warten Gladiatoren, Kaiser und ein Weltreich mit riesigem Stra\u00dfennetz \u2013 fast wie heute, nur ohne Autos.<\/p>\n\n\n\n<div style=\"height:25px\" aria-hidden=\"true\" class=\"wp-block-spacer\"><\/div>\n\n\n\n<p><strong>Vom R\u00f6mischen Reich ins Mittelalter<\/strong><br>Was passiert, wenn ein gro\u00dfes Reich zerf\u00e4llt? Neue Reiche entstehen, neue Religionen breiten sich aus, und Europa ver\u00e4ndert sich. Du erf\u00e4hrst, wie das Mittelalter beginnt und warum diese Zeit so wichtig war.<\/p>\n","protected":false},"excerpt":{"rendered":"<p>\ud83c\udffa\ud83d\udd0d Deine Reise in die Vergangenheit In Geschichte wirst du zum Zeitreisenden! Du erf\u00e4hrst, wie die Menschen fr\u00fcher gelebt haben, was sie geglaubt haben und warum wir heute \u00fcberhaupt wissen, &#8230;<\/p>\n","protected":false},"author":2,"featured_media":0,"parent":1070,"menu_order":0,"comment_status":"closed","ping_status":"closed","template":"","meta":{"footnotes":""},"class_list":["post-1073","page","type-page","status-publish","hentry"],"featured_image_src":null,"_links":{"self":[{"href":"https:\/\/jaeger.schule\/index.php?rest_route=\/wp\/v2\/pages\/1073","targetHints":{"allow":["GET"]}}],"collection":[{"href":"https:\/\/jaeger.schule\/index.php?rest_route=\/wp\/v2\/pages"}],"about":[{"href":"https:\/\/jaeger.schule\/index.php?rest_route=\/wp\/v2\/types\/page"}],"author":[{"embeddable":true,"href":"https:\/\/jaeger.schule\/index.php?rest_route=\/wp\/v2\/users\/2"}],"replies":[{"embeddable":true,"href":"https:\/\/jaeger.schule\/index.php?rest_route=%2Fwp%2Fv2%2Fcomments&post=1073"}],"version-history":[{"count":3,"href":"https:\/\/jaeger.schule\/index.php?rest_route=\/wp\/v2\/pages\/1073\/revisions"}],"predecessor-version":[{"id":1281,"href":"https:\/\/jaeger.schule\/index.php?rest_route=\/wp\/v2\/pages\/1073\/revisions\/1281"}],"up":[{"embeddable":true,"href":"https:\/\/jaeger.schule\/index.php?rest_route=\/wp\/v2\/pages\/1070"}],"wp:attachment":[{"href":"https:\/\/jaeger.schule\/index.php?rest_route=%2Fwp%2Fv2%2Fmedia&parent=1073"}],"curies":[{"name":"wp","href":"https:\/\/api.w.org\/{rel}","templated":true}]}}